 the second derivative of i**7/2520 - i**6/360 - i**5/30 + 15*i**4/2 - 29*i. Let z(d) be the third derivative of a(d). What is z(4)?
4
Let y(i) = -i**2 - 22*i - 20. Let f be y(-21). Let p be 229 - ((-7)/((-21)/(-6)) - f). Let d(z) = -80*z + 13 - 74*z + p*z - 77*z. What is d(-8)?
5
Let a(o) = 5*o + 473 - 144 - 194 - 195. What is a(10)?
-10
Let l be (-1)/(24/(-9) + 3). Let h = l + 8. Let t(p) = p**2 - 10*p - 5. Let f(s) = 2*s**2 - 21*s - 11. Let y(r) = -4*f(r) + 9*t(r). Calculate y(h).
-6
Suppose 143*h = -53*h - 229 + 425. Let m(z) = z + 9. What is m(h)?
10
Let q(d) = -d**2 - 2*d + 4. Suppose i - 2*w - 2 = -4*w, 0 = -2*i - 5*w + 4. Let p be (-1014)/21 - i/(-7). Let z = p + 51. Give q(z).
-11
Let p(s) = s**3 - 2*s**2 - 6*s + 2. Let u(d) = -3*d + 27. Let g be 3 - ((11 - 8) + (1 - 9)). Let i be u(g). Give p(i).
-7
Let x(c) = 17*c - 41. Let v(b) = 112*b + 1126. Let g be v(-10). Calculate x(g).
61
Suppose 32*n - 1 = 31*n - d, -4*n + 13 = -5*d. Let x be (n/4)/((-6)/48). Let l(q) = -q**3 - 3*q**2 + q - 6. What is l(x)?
6
Let y be 30*(-8)/96*4/(-2). Let u(c) be the second derivative of 0 - 28*c - 1/6*c**3 - y*c**2. Give u(-7).
-3
Let t(k) = k**3 - 4*k**2 + 5*k - 4. Suppose -z + 5*z - 20 = -n, -5*n = -z - 58. Let r be (-6)/((-24)/10)*n/(-2). Let b = r - -18. Determine t(b).
2
Let k(x) = -3*x**2 - 12*x + 12 - 25 + 13 + 5 + 18*x. What is k(-3)?
-40
Let i(q) = -q - 3 + 0 + 26 + 48 + q**3 - 22*q**2 + 18*q. Calculate i(21).
-13
Let n(h) = 2*h**2 + 10*h + 6. Suppose 0 = 59*q - 10*q + 11*q + 360. What is n(q)?
18
Let g(l) = -66*l + 2 - l**3 + 2 + 10*l**2 + 50*l. Suppose -v + 8 = -0. Let k be g(v). Let x(d) = 5*d - 6. What is x(k)?
14
Suppose z - 6 = -2*f - 3*z, 5*f = 5*z. Suppose -31 = j - f. Let i = -28 - j. Let d(c) = c**3 - c**2 + 2*c + 1. Give d(i).
9
Let o = 32 - 10. Let a = o - 16. Let w(z) = z**3 - a*z + 5*z**2 - z + 7 + 11*z. Determine w(-5).
-13
Let o(y) = 2*y + 0*y**2 + 2 + 11 - y**2. Suppose -29 = -2*j - 11*l + 16*l, 4*l = -20. Let g(b) = 2*b**2 - 3*b - 14. Let r(v) = j*g(v) + 3*o(v). What is r(0)?
11
Suppose 2*f - 342 = -0*f. Let v = -164 + f. Let c(g) = -g**3 + 7*g**2 - 2*g. Give c(v).
-14
Let f = 134 + -90. Suppose 1187*d - 1176*d = -f. Let k(y) = 2*y**2 + 5*y - 3. What is k(d)?
9
Suppose 4*z = -3*w + 7, 0*z - 3*z + 3 = 0. Let r(s) be the second derivative of 7*s**5/20 - s**3/6 - 536*s. Give r(w).
6
Let k(q) = -10*q - 1. Suppose -2*r - 2*r = z - 9, 5*r = z. Determine k(r).
-11
Let a(r) = 0*r + 0*r + 7*r - r. Let w(z) be the third derivative of -z**4/24 - 2*z**3/3 + 2*z**2 - 14. Let c be w(-2). Determine a(c).
-12
Let o(b) = -b**2 - 10*b - 8. Suppose -4*j = -8*j + 2*y + 14, -j + 14 = 3*y. Suppose -j*w + 60 - 35 = -3*n, -4*w = n + 14. Calculate o(n).
-8
Suppose -120 = 2*y - 5*i - 203, 3*i = -3*y + 72. Let w(k) = k**3 - 31*k**2 + 60*k - 50. Give w(y).
8
Let k(u) = u**3 + 2*u**2 - u. Let i be k(-2). Let m(b) = b**i + 6 - 3 + 0*b**2 - 5. Let s = -35 - -37. Give m(s).
2
Let v = 48 - 45. Suppose 2*k = -v*k + 4*d - 13, -2*k = d + 13. Let z(f) = 4*f + 2 - 5 + f**2 - 1. Calculate z(k).
1
Let y(h) = 5*h - 108. Let x be y(21). Let i(w) be the third derivative of -w**5/60 - 5*w**4/24 - 2*w**3/3 + 8*w**2. Calculate i(x).
2
Suppose 3 = -2*q - q. Let u(i) = -12 + 2*i + 13 - i + 6*i. What is u(q)?
-6
Suppose 11*y + 141 = 163. Suppose 4*q - 8 + 46 = -2*u, -y*q + 4*u = 34. Let o(c) = c**2 + 11*c + 12. Determine o(q).
12
Let g(z) = -z**2 + 6*z - 12. Suppose -x + 7 + 9 = 6*n, 0 = -x - 4*n + 12. What is g(x)?
-4
Let k(g) be the first derivative of -g**3/3 + 41*g**2/2 + 54*g - 1943. Calculate k(42).
12
Let x(z) be the first derivative of 0*z + 1/360*z**6 - 20/3*z**3 + 0*z**2 - 15 - 1/120*z**5 + 0*z**4. Let s(b) be the third derivative of x(b). What is s(-1)?
2
Let r(n) be the first derivative of n**6/360 + n**5/120 - 4*n**4/3 + 28*n**3/3 + 11. Let k(y) be the third derivative of r(y). Determine k(0).
-32
Let m(z) = z - 5. Suppose 0 = -2*i + 5*i - 192. Let h = -29 + i. Suppose 0 = -5*w + 4*y + h, w - 2*y = -0*y + 13. Give m(w).
-2
Let k(g) = g**3 + g**2 - g + 31. Let p(v) = 5*v**3 + 3*v**2 - 3*v + 179. Let d(a) = -6*k(a) + p(a). Determine d(-3).
-16
Let v(j) = -4*j + 57. Let m(w) = -13*w - 352. Let t be m(-28). Calculate v(t).
9
Suppose 600 + 307 + 413 = 132*m. Let n(a) = -a**2 + 5*a + 18. Determine n(m).
-32
Let l(m) be the first derivative of m**3/6 + 2*m**2 + 22*m + 49. Let s(p) be the first derivative of l(p). Give s(-4).
0
Let l(g) = 22*g - 8. Let w(a) = 14*a - 5. Let z(q) = -39*q + 14. Let t(i) = -8*w(i) - 3*z(i). Let h(c) = 6*l(c) - 26*t(c). Give h(6).
16
Suppose 4*o - m = -3*m + 388, -3*o = 5*m - 284. Let l(u) = -o + 2*u**3 - 6*u - 6*u**2 - 3*u**3 + 206 - 112. Determine l(-5).
1
Let t(h) = h**3 - 10*h**2 + 12*h. Suppose 16*k - 2574 = -13054. Let g = k + 663. Determine t(g).
-32
Let d = 30 + -14. Suppose -16*m = 2*m + 360. Let l be (-3 - (-52)/d) + 105/m. Let o(f) = f**2 + 5*f - 3. Determine o(l).
-3
Let d(g) = 1 - 2*g**2 - 18 + 19 + g**2. Suppose i = 5*u - 0*i - 6, 3*i + 4 = u. Suppose 2*v + 3 = -u. Give d(v).
-2
Let q(h) = -10*h**2 - 4*h + 5. Let r(b) = -b**2 - 42*b - 438. Let l be r(-20). Give q(l).
-43
Let f(y) = -2*y. Let s be (68/20 - 4) + 18/30. Suppose s = 2*r + 5*m, r + 30 = -3*r + 5*m. Calculate f(r).
10
Let g(n) = -9*n**2 + 90*n + 3. Let v = 5405 + -5395. Determine g(v).
3
Suppose g - 2 = -5*k, 0 = -4*k - 4*g - 2 - 6. Let s(t) = -98*t + 13. Let l(o) = -35*o + 5. Let b(f) = 8*l(f) - 3*s(f). What is b(k)?
15
Let j be 23 - (4 - 2/2). Let w be 4/j + (-27)/(-15). Let u(v) = 2*v + w*v - 4 + 0 - 3*v. What is u(-3)?
-7
Let k(q) be the first derivative of -1/2*q**2 - 4*q - 5. Suppose 6*c = 2*c - 32. Give k(c).
4
Let f(l) be the third derivative of -l**4/3 - 71*l**3/6 - 13*l**2 - 4*l. Determine f(-10).
9
Suppose -1468 = -5*r - 4*z, 5*r + 5*z - 1815 + 350 = 0. Let i(t) = -4*t - 141 - 140 + r. Give i(3).
3
Suppose 6 = -2*x - 4*a - 0, 5*a + 13 = -3*x. Let f(l) be the second derivative of l**4/12 + 2*l**3 - l**2/2 - 2*l + 6904. What is f(x)?
-12
Let i be ((-4)/6 + (-8)/6)/2. Let c be (-33)/11*((-2)/3 + i). Suppose -c*u + 6 = -9. Let d(h) = -h + 1. Determine d(u).
-2
Let t = -958 - -776. Let z = t - -193. Let i(s) = s**2 - 11*s + 3. Calculate i(z).
3
Let j(b) = -4*b + 5. Suppose 0 = -3*o + 15, 5*s - 760 = -0*s + 3*o. Let q = 151 - s. Give j(q).
21
Let n(v) = 3*v**2 + 32*v + 8. Let m be n(-12). Let u(r) = m + 2*r + 51 - 116. Calculate u(6).
3
Let x(h) be the third derivative of 3*h**4/8 - 17*h**3/6 + 2788*h**2. Give x(-6).
-71
Let t(w) be the first derivative of 1/3*w**3 + w**2 - 5*w + 11. Let g(l) = l**3 + 8*l**2 + 6*l - 12. Let o be g(-7). Give t(o).
10
Suppose -v + 2*j = 1043 - 1073, 0 = -3*j + 3. Let k(u) be the first derivative of u**2 + 6*u + 5/3*u**3 + 1/4*u**4 - v. What is k(-5)?
-4
Let t(y) = -y**3 - 7*y**2 - 2. Suppose -24*a + 2*a + 660 = 0. Suppose 5*z + 7 + 8 = -4*m, -m - a = 5*z. Give t(z).
-2
Let k = 4594 - 4600. Let g(t) = -12*t - 75. Determine g(k).
-3
Let o(f) = f**3 - 3*f**2 - f**2 + 6*f - f**2. Let n = -7040 + 7044. Determine o(n).
8
Let h(b) = 27*b - 18*b - 25*b - 3 - 3*b - 90. Determine h(-5).
2
Let d(u) = -u**3 - 18*u**2 + 40*u + 5. Let n be d(-20). Let z(q) = q**2 + q - 31. What is z(n)?
-1
Suppose 310*l + 212*l = -3132. Let q(i) = -i**2 + 9*i + 88. Determine q(l).
-2
Suppose -i = 67*i - 136. Let o(x) be the third derivative of -5/3*x**3 - i*x**2 + 0*x - 1/60*x**5 + 0 + 1/24*x**4. Determine o(0).
-10
Let z be 17 + -36 + -3 + 0. Let s be (168/84)/(4/z). Let f(g) = g - 9. Give f(s).
-20
Let u(d) be the first derivative of d**4/4 - 7*d**3/3 + 7*d**2/2 - 7*d - 6. Let b be 2*2/4*(1 + 5). Determine u(b).
-1
Let h(y) be the first derivative of -3/2*y**2 - 1/4*y**4 - 197 + 0*y + 4/3*y**3. Give h(5).
-40
Let u(s) = -28*s**2 - 6*s - 11 - 11*s**2 + 52*s**2 - 21*s**2. Give u(-3).
-65
Let l(t) = -738*t + 363*t + 179 + 410*t. Give l(-5).
4
Let n(i) = 5*i**2 - 16*i + 19. Let l(u) = 4*u**2 - 15*u + 14. Let y(w) = -4*l(w) + 3*n(w). Calculate y(10).
21
Let l(o) = o + 13. Let i be l(-13). Let n be -1 + 0 - -11 - 1 - 0. Let x(g) = -g - n - 1 + 16. Give x(i).
6
Let i(b) = -2*b**3 - b**2 - b - 3. Let m be i(-3). Suppose 5*w + 5*h = -165, -3*h = -2*w + 4 - m. Let v = -23 - w. Let k(q) = -q**2 + 6*q - 2. What is k(v)?
3
Let n(f) = -4*f**3 + 250*f**2 - 125*f + 65. L